ainder when z(-13) is divided by 9.
7
Suppose 2*f + d - 242 = 0, 0 = 5*f - 4*d - 480 - 151. Calculate the remainder when f is divided by 21.
18
What is the remainder when 82 is divided by (4/(4/(-3)))/(162/(-1566))?
24
Calculate the remainder when 243 is divided by -126*(-11)/(-3 + 14).
117
Suppose -7 = -6*d - 19. Calculate the remainder when 75 is divided by 0 - -41 - -1*4/d.
36
What is the remainder when -5 - -1*3*273/9 is divided by 15?
11
Let a = 105 - 22. What is the remainder when 324 is divided by a?
75
Let y = -258 - -288. What is the remainder when 357 is divided by y?
27
Let a(j) = 2*j**2 + 36*j + 283. Calculate the remainder when a(-11) is divided by 10.
9
Let q(g) = -21*g**3 + g**2 + 2*g + 1. Let m = -63 + 95. Let x = m + -20. Calculate the remainder when q(-1) is divided by x.
9
Let v be -2 + 3 - 3/(6/(-4)). Suppose 0 = -v*t + 6*t - 36. What is the remainder when t is divided by 2?
0
Suppose -5*y - 5*w + 4540 = 0, 0 = 5*y + w - 5180 + 640. What is the remainder when y is divided by 13?
11
Calculate the remainder when (252/(-10))/((-432)/(-45) + -10) is divided by 16.
15
Suppose -2*a + 7*a - 3*k - 94 = 0, -3*k = 3*a - 42. Calculate the remainder when 200 is divided by a.
13
Let r = -280 - -296. What is the remainder when r is divided by 6?
4
Suppose -3*l + 15 - 68 = -y, 37 = -2*l - y. Let d = -12 + -17. Let u = l - d. Calculate the remainder when 42 is divided by u.
9
Calculate the remainder when 293 is divided by (72/(-24))/(2/(-36)).
23
Suppose 0 = -3*y + 31 - 1. Let h = -6 - -11. Calculate the remainder when 4/10 - (-186)/y is divided by h.
4
Let h(t) = -t**3 + 4*t**2 + 3*t + 6. Let b be h(5). Let w be (-6)/(-14) + (-74)/(-7). Let g = b + w. Calculate the remainder when 20 is divided by g.
6
Let v(g) = g**3 - 6*g**2 + 7*g - 6. Let r = 3 + 2. Calculate the remainder when 9/72 + (-55)/(-8) is divided by v(r).
3
Let f(w) be the third derivative of w**6/120 - 2*w**5/15 + w**4/12 - 5*w**3/3 - 3*w**2. Calculate the remainder when 28 is divided by f(8).
4
Let z(b) = -11*b + 32. Let a be z(2). Let m(k) = 0*k + 6*k**2 - k + 8 + 5*k + k**3 - 16*k**2. Calculate the remainder when m(a) is divided by 25.
23
Let r be 2 + (-112)/52 + 108/26. Suppose -r*q = 3*b - 76, 54 + 38 = 4*q - b. What is the remainder when 63 is divided by q?
19
Let b = 3 - -1. Suppose -4*u - 12 = 0, h + 3*u - 311 = -b*h. Suppose 3*k = 5*w - 71 - 54, -130 = -5*w + 4*k. Calculate the remainder when h is divided by w.
20
Suppose 16 = 3*n - 7*n, 3*u + n = 50. What is the remainder when 173 is divided by u?
11
Let s = 18 + -3. What is the remainder when s is divided by 3?
0
Let h = -40 - -29. Let n be h + (-7)/(14/(-4)). Let a = n - -26. Calculate the remainder when a is divided by 9.
8
Let s = 348 + -268. Calculate the remainder when s is divided by 12.
8
Let b(u) = -3*u**2 + 54*u - 43. Calculate the remainder when 367 is divided by b(15).
91
Suppose 17*q = 1790 - 345. Calculate the remainder when q is divided by 31.
23
Let d(o) = -8 + o + 40 + 4. What is the remainder when d(-18) is divided by 10?
8
Suppose -8*p + 35 = -3*p - m, 49 = 3*p + 5*m. Calculate the remainder when 15 is divided by p.
7
What is the remainder when 153 is divided by 45/(-7 + 16) - -6?
10
Let t = 12461 + -12450. What is the remainder when 58/(-4)*2/(-1) is divided by t?
7
Let r = 289 - 203. What is the remainder when r is divided by 29?
28
Let a(j) = 23*j**2 - 8*j - 14. Calculate the remainder when a(-5) is divided by 43.
42
Let o = 356 - 302. Calculate the remainder when o is divided by 32.
22
Suppose 15 = -2*w + 57. Let b = -16 - -23. What is the remainder when w is divided by b?
0
Suppose 60*i - 56*i = 92. Let p(k) = -k**2 - 22*k - 60. What is the remainder when i is divided by p(-18)?
11
Let j(o) = 8*o**2 - 19*o + 84. Calculate the remainder when j(4) is divided by 28.
24
Suppose -5*z + 44 = 3*b, -3*b - 46 = -4*z - 0*b. Let w = -159 + 286. What is the remainder when w is divided by z?
7
Let w(q) = q**3 - 8*q**2 - q - 7. Suppose 1 - 9 = -y. Let d be w(y). Let v = d + 34. What is the remainder when 73 is divided by v?
16
Let v = -1572 - -1577. Calculate the remainder when 89 is divided by v.
4
What is the remainder when 162 is divided by (-25 - -23) + (-30)/(-1)?
22
Let p = 151 + -66. Suppose r - 2*r + p = 5*m, 3*m - 43 = r. Calculate the remainder when 40 is divided by m.
8
Suppose 1 - 5 = -v. Suppose -5 = -2*b + 9. What is the remainder when b is divided by v?
3
Let k be 14*(-2 + (-10)/(-4)). Let s(z) be the second derivative of z**4/4 - 5*z**3/3 + z**2/2 - 17*z. Calculate the remainder when s(k) is divided by 20.
18
Suppose -5*z = 3 - 18. Let g(d) = d + 7*d + z*d + 11*d - 1. Calculate the remainder when g(1) is divided by 12.
9
Let s = 35 - 23. Let h = -31 + 41. Suppose h*z - 20 = 6*z. Calculate the remainder when s is divided by z.
2
Suppose -5*z - m = -121, -76 = -3*z - 16*m + 12*m. Calculate the remainder when z is divided by ((-8)/10)/(4/(-70)).
10
Calculate the remainder when ((-3059)/(-19))/(1/1) is divided by 94.
67
Let y = -239 + 140. Let h be 4/(-22) + (-315)/y. Suppose h*d = d + 14. What is the remainder when 12 is divided by d?
5
Let r(j) = -j**3 - 3*j**2 + 2*j + 262. Calculate the remainder when r(0) is divided by 129.
4
Suppose -3*k + 128 = -16. Suppose 0*b = 18*b - 5148. Calculate the remainder when b is divided by k.
46
Let m = 4 - 44. Let a = m - -60. Calculate the remainder when 59 is divided by a.
19
Suppose 17*o = 567 + 181. Suppose c - 66 = -42. Calculate the remainder when o is divided by c.
20
Suppose -121 = -r - 3*v, 5*v - 73 = 4*r - 574. What is the remainder when r is divided by 19?
10
Let g(h) = h**3 - 16*h**2 - 17*h + 15. Let w(d) = d**2 - 10*d + 38. Let c be w(7). What is the remainder when (-1)/((-1)/(-1))*-58 is divided by g(c)?
13
Let z be (1 - 0 - 2)*-11 + 0. Let n(l) = l**3 - 10*l**2 - 6*l - 11. Calculate the remainder when n(z) is divided by 12.
8
Suppose 23*f = 33*f - 6380. What is the remainder when f is divided by 32?
30
Suppose 0 = -8*q + 6*q - 4, 0 = -4*n + q + 910. Calculate the remainder when n is divided by 11.
7
Calculate the remainder when 222 is divided by -6 - 10/(-10) - -14.
6
Let n(k) = 255*k - 1165. Calculate the remainder when n(9) is divided by 103.
100
Let g = -1 - -28. Suppose 117 = 8*b + 5. What is the remainder when g is divided by b?
13
Let o be (1*(2 - 27))/((-12)/24). Suppose 4*p - 22 - o = 0. What is the remainder when 87 is divided by p?
15
Suppose -d - 4*i = -25, -5*d + 200 = 3*i + 24. Calculate the remainder when 253 is divided by d.
31
Let k = 10 + -5. Let z(b) = -5*b**2 + 8 - 10*b**2 - b**3 - 1 - 5*b + 22*b**2. What is the remainder when z(k) is divided by 17?
15
Suppose 0 = -4*c - 3*a, -3*c + a - 19 = 2*c. Let t = 19 + c. Suppose 9*v - 2*v - 21 = 0. Calculate the remainder when t is divided by v.
1
Let l = 378 + -359. Calculate the remainder when 94 is divided by l.
18
Suppose 0 = -4*q - 0*q + 84. Let s(c) = c**3 - 6*c**2 - 26*c - 134. What is the remainder when q is divided by s(10)?
3
Suppose 0 = 9*o - o - 280. Calculate the remainder when o is divided by 29.
6
Suppose -6*y + 2*y - 124 = 0. Let b = 37 + y. Suppose 68 = b*j - 244. Calculate the remainder when j is divided by 27.
25
Let g = -101 + 229. What is the remainder when g is divided by 19?
14
Let l(w) = 2*w + 27. Let q be l(-11). Suppose 2*k + q*k = 91. Calculate the remainder when 63 is divided by k.
11
Let c(y) = 15 - 2*y + 1 + 0*y - 4. Let g be c(7). Calculate the remainder when 48 is divided by 13/(5 + -2 + g).
9
Let s = 2 - 21. Let i = s + 41. What is the remainder when i is divided by 13?
9
What is the remainder when 15 is divided by 8/((-7)/((-21)/4))?
3
Let b = -62 - -107. Suppose -j - 3 = -25. Let f = b - j. What is the remainder when 90 is divided by f?
21
Suppose -2*f = 3*a + 7, -12 = -a + 4*f - 5. Let s(y) = -4 - 37*y + 4 + 2 + 0. Calculate the remainder when s(a) is divided by 10.
9
Calculate the remainder when 89 is divided by 89 - 95 - (-24 + (-1 - -2)).
4
Let c = 962 + -864. What is the remainder when c is divided by 35?
28
Let v = 74 - 49. Calculate the remainder when 46 is divided by v.
21
Let s(k) = -k**3 - 8*k**2 - k - 7. Let r be s(-8). Let v(y) = 26*y**3 + y**2 - 1. What is the remainder when 77 is divided by v(r)?
25
Let w = 121 + -112. Let j(p) =